e 450015?
False
Is 51474 a multiple of 15?
False
Is 44715 a multiple of 55?
True
Is 34 a factor of 629952?
True
Is 10302 a multiple of 7?
False
Is 17576813 a multiple of 114?
False
Is 33 a factor of 625769?
False
Is 1819 a factor of 5662547?
True
Does 8 divide 9496?
True
Is 127374 a multiple of 6?
True
Is 52 a factor of 52936?
True
Is 159 a factor of 84906?
True
Does 33 divide 2081442?
True
Does 368 divide 1513584?
True
Is 417144 a multiple of 1092?
True
Does 92 divide 4692920?
True
Is 893 a factor of 24833?
False
Is 391 a factor of 3660151?
True
Is 136 a factor of 24160?
False
Is 27 a factor of 91137?
False
Is 298177 a multiple of 35?
False
Is 368280 a multiple of 279?
True
Does 331 divide 741109?
True
Is 24 a factor of 429656?
False
Is 129330 a multiple of 169?
False
Does 17 divide 5328786?
True
Is 785644 a multiple of 10?
False
Is 5046624 a multiple of 54?
True
Is 2475830 a multiple of 226?
True
Does 120 divide 6996255?
False
Does 8 divide 572248?
True
Does 40 divide 1325240?
True
Is 11912662 a multiple of 347?
False
Does 37 divide 5697712?
False
Is 2055024 a multiple of 108?
True
Is 23508 a multiple of 18?
True
Does 46 divide 4520508?
False
Is 178 a factor of 93542?
False
Does 63 divide 3610951?
False
Is 30 a factor of 857430?
True
Is 42 a factor of 1373666?
False
Does 26 divide 4735593?
False
Is 171420 a multiple of 15?
True
Is 102340 a multiple of 11?
False
Is 3021915 a multiple of 63?
False
Is 7 a factor of 1525139?
True
Does 2196 divide 19537812?
True
Is 136 a factor of 1071057?
False
Does 1371 divide 1499874?
True
Is 86612 a multiple of 59?
True
Is 258500 a multiple of 235?
True
Does 74 divide 84656?
True
Does 2 divide 94443?
False
Is 29 a factor of 1208784?
False
Is 7 a factor of 214158?
True
Is 33 a factor of 6922377?
True
Is 291 a factor of 635552?
False
Does 27 divide 5320485?
True
Is 9683631 a multiple of 30?
False
Is 32 a factor of 59904?
True
Does 223 divide 941060?
True
Is 5 a factor of 58510?
True
Is 127 a factor of 489839?
True
Is 185 a factor of 1007467?
False
Is 208 a factor of 9720861?
False
Is 394 a factor of 150508?
True
Is 4544695 a multiple of 12?
False
Does 3 divide 282969?
True
Is 18 a factor of 85267?
False
Does 12 divide 136632?
True
Does 6 divide 112518?
True
Does 44 divide 10457?
False
Is 2 a factor of 388282?
True
Is 617 a factor of 1446865?
True
Is 203 a factor of 447006?
True
Is 65257 a multiple of 33?
False
Does 501 divide 14376195?
True
Is 11326953 a multiple of 109?
True
Is 3057506 a multiple of 386?
True
Is 455539 a multiple of 27?
False
Is 1188278 a multiple of 24?
False
Does 13 divide 265252?
True
Is 26 a factor of 9992350?
False
Is 4 a factor of 39396?
True
Is 620817 a multiple of 852?
False
Does 10 divide 4959784?
False
Is 24 a factor of 519648?
True
Is 100 a factor of 156300?
True
Does 3 divide 207838?
False
Is 13235985 a multiple of 21?
True
Does 14 divide 1326435?
False
Is 20 a factor of 184512?
False
Does 6 divide 339989?
False
Is 125396 a multiple of 47?
True
Is 15 a factor of 33439?
False
Is 7 a factor of 1228077?
False
Does 35 divide 1066520?
True
Does 239 divide 4534069?
True
Is 592 a factor of 316128?
True
Is 125 a factor of 3783375?
True
Is 281876 a multiple of 4?
True
Is 40 a factor of 115160?
True
Is 7 a factor of 246460?
False
Is 13412960 a multiple of 440?
True
Is 14 a factor of 492579?
False
Is 75 a factor of 10733033?
False
Is 2 a factor of 644085?
False
Is 27 a factor of 25596?
True
Does 77 divide 2443133?
True
Is 9 a factor of 645795?
True
Is 3963569 a multiple of 310?
False
Does 295 divide 9383655?
True
Is 2196208 a multiple of 1296?
False
Is 183 a factor of 281088?
True
Does 259 divide 22490?
False
Does 844 divide 10489232?
True
Is 1165862 a multiple of 93?
False
Does 33 divide 1501906?
False
Is 49 a factor of 8334753?
True
Is 5299478 a multiple of 17?
True
Does 10 divide 1407699?
False
Is 16 a factor of 253986?
False
Is 136 a factor of 13138416?
True
Is 4136 a multiple of 88?
True
Is 306170 a multiple of 34?
True
Is 1415758 a multiple of 81?
False
Does 92 divide 32772?
False
Does 114 divide 563958?
True
Does 14 divide 556669?
False
Is 20 a factor of 2083693?
False
Is 62 a factor of 146630?
True
Does 49 divide 65474?
False
Is 40052 a multiple of 124?
True
Is 217 a factor of 5734964?
False
Is 126306 a multiple of 27?
True
Does 2 divide 19522?
True
Is 2 a factor of 393897?
False
Is 3 a factor of 82949?
False
Does 166 divide 62084?
True
Is 12084145 a multiple of 18?
False
Is 184023 a multiple of 161?
True
Is 28 a factor of 10931849?
False
Is 49642 even?
True
Is 6527740 a multiple of 20?
True
Is 231 a factor of 2836680?
True
Is 92 a factor of 248316?
False
Does 49 divide 439236?
True
Does 17 divide 92422?
False
Does 2 divide 36838?
True
Is 1132 a factor of 4655916?
True
Does 17 divide 4312098?
False
Does 622 divide 753193?
False
Is 5370814 a multiple of 6?
False
Is 550 a factor of 86900?
True
Is 25 a factor of 244975?
True
Does 63 divide 316260?
True
Is 451194 a multiple of 278?
True
Is 68 a factor of 103180?
False
Does 1201 divide 2982083?
True
Is 37184 a multiple of 83?
True
Does 12 divide 7899955?
False
Is 43419 a multiple of 42?
False
Is 24 a factor of 557592?
True
Does 462 divide 185734?
False
Is 299 a factor of 1919879?
True
Is 20 a factor of 1076391?
False
Is 22 a factor of 347721?
False
Does 21 divide 9920549?
False
Is 47 a factor of 1907542?
True
Is 255360 a multiple of 399?
True
Is 23 a factor of 7162407?
True
Does 50 divide 10489570?
False
Does 14 divide 2163679?
False
Is 23040 a multiple of 64?
True
Does 155 divide 70104?
False
Does 25 divide 156617?
False
Does 3 divide 110228?
False
Does 28 divide 85232?
True
Is 10787980 a multiple of 28?
True
Is 293712 a multiple of 443?
False
Is 242 a factor of 1510806?
True
Is 3 a factor of 299257?
False
Is 48 a factor of 341234?
False
Does 5 divide 1463521?
False
Does 105 divide 10075088?
False
Is 157275 even?
False
Is 74 a factor of 819124?
False
Does 109 divide 5161041?
True
Is 26 a factor of 190866?
True
Is 1057870 a multiple of 10?
True
Is 4148100 a multiple of 1980?
True
Is 92664 a multiple of 88?
True
Does 405 divide 11199806?
False
Is 103289 a multiple of 79?
False
Does 152 divide 251256?
True
Is 182 a factor of 819546?
True
Is 32 a factor of 1912096?
True
Does 26 divide 54709?
False
Is 54 a factor of 707454?
True
Is 10 a factor of 19552970?
True
Does 44 divide 4459004?
True
Does 131 divide 2933217?
False
Is 131763 a multiple of 17?
False
Does 34 divide 11676?
False
Does 2 divide 75926?
True
Is 967538 a multiple of 6?
False
Is 2822793 a multiple of 91?
False
Is 23 a factor of 684779?
True
Is 36121 a multiple of 788?
False
Is 15 a factor of 370942?
False
Is 229 a factor of 1858821?
False
Is 268 a factor of 84486?
False
Is 7049719 a multiple of 18?
False
Is 26 a factor of 2440724?
True
Does 3 divide 87927?
True
Is 399749 a multiple of 16?
False
Is 3540491 a multiple of 11?
False
Is 7 a factor of 85323?
True
Does 9 divide 665057?
False
Is 75 a factor of 22712400?
True
Is 378682 a multiple of 29?
True
Is 860713 a multiple of 48?
False
Is 3450150 a multiple of 451?
True
Is 11869322 a multiple of 215?
False
Is 41 a factor of 430279?
False
Is 9 a factor of 655110?
True
Does 95 divide 306587?
False
Is 11283959 a multiple of 13?
False
Does 9 divide 402300?
True
Is 16 a factor of 124745?
False
Is 14 a factor of 154302?
False
Is 104741 a multiple of 7?
True
Is 178 a factor of 247725?
False
Is 51456 a multiple of 48?
True
Does 7 divide 15314?
False
Is 14 a factor of 47296?
False
Is 2969400 a multiple of 14?
True
Does 12 divide 481090?
False
Does 395 divide 195920?
True
Is 1323983 a multiple of 56?
False
Does 27 divide 987390?
True
Does 19 divide 5989048?
False
Is 26 a factor of 505939?
False
Is 22 a factor of 270380?
True
Does 7 divide 292944?
False
Is 74570 a multiple of 140?
False
Does 249 divide 304513?
False
Is 787127 a multiple of 17?
False
Does 94 divide 726809?
False
Does 12 divide 769728?
True
Is 7325782 a multiple of 262?
True
Does 78 divide 25086126?
True
Is 507 a factor of 5685498?
True
Does 14 divide 91448?
True
Does 59 divide 13732558?
False
Is 57 a factor of 5642364?
False
Is 1063335 a multiple of 35?
True
Does 256 divide 6615863?
False
Is 44300 a multiple of 45?
False
Does 5 divide 72845?
True
Does 14 divide 361312?
True